common divisor of 90 and 15315?
15
What is the highest common divisor of 22 and 64691?
11
What is the greatest common factor of 651 and 4464?
93
What is the highest common divisor of 660555 and 5265?
405
Calculate the highest common factor of 3995 and 26435.
85
Calculate the greatest common factor of 112496 and 33464.
712
What is the greatest common factor of 74430 and 1350?
90
Calculate the greatest common factor of 545813 and 11799.
437
Calculate the highest common factor of 3330 and 7290.
90
Calculate the greatest common factor of 34 and 510442.
34
What is the highest common divisor of 115 and 19067?
23
Calculate the highest common divisor of 1582 and 12295304.
1582
Calculate the greatest common divisor of 7049 and 2968.
371
Calculate the highest common divisor of 246 and 474.
6
What is the greatest common factor of 9363020 and 20?
20
Calculate the highest common factor of 1137 and 105.
3
What is the highest common divisor of 348624 and 108?
108
Calculate the greatest common factor of 128 and 561720.
8
Calculate the highest common factor of 11898 and 18.
18
Calculate the greatest common factor of 23540 and 2860.
220
Calculate the highest common factor of 14131 and 52.
13
Calculate the highest common divisor of 289542 and 1284.
642
Calculate the highest common factor of 248640 and 490.
70
What is the highest common divisor of 4071 and 137057?
1357
Calculate the highest common divisor of 215395 and 11500.
115
Calculate the greatest common divisor of 2952 and 3528.
72
What is the highest common divisor of 2485 and 225070?
355
What is the greatest common divisor of 6977546 and 122?
122
What is the greatest common divisor of 45268 and 6?
2
What is the highest common factor of 767 and 2743?
13
What is the greatest common divisor of 3442354 and 692?
346
Calculate the highest common divisor of 7566 and 5811.
39
Calculate the greatest common divisor of 23668 and 8924.
388
Calculate the greatest common factor of 196 and 28056.
28
What is the highest common divisor of 151361 and 224?
7
What is the highest common factor of 409280 and 960?
320
What is the greatest common divisor of 20735 and 55?
55
Calculate the highest common factor of 108 and 2530236.
12
What is the highest common factor of 213 and 2469?
3
Calculate the highest common divisor of 265715 and 1805.
95
What is the greatest common divisor of 161946 and 30?
6
Calculate the greatest common divisor of 384 and 444.
12
Calculate the greatest common divisor of 76 and 343748.
76
What is the greatest common factor of 12994 and 1869?
89
Calculate the greatest common factor of 75 and 4200765.
15
What is the highest common divisor of 250172 and 170?
34
What is the highest common factor of 164 and 11521?
41
What is the greatest common factor of 240 and 185520?
240
What is the highest common factor of 3224 and 26536?
248
Calculate the greatest common factor of 72924 and 206.
206
What is the highest common divisor of 102 and 119442?
102
What is the highest common divisor of 811868 and 8?
4
Calculate the greatest common factor of 478 and 4086661.
239
What is the highest common factor of 189952 and 40?
8
What is the greatest common divisor of 2113686 and 54?
18
What is the greatest common factor of 20319 and 208?
13
What is the greatest common divisor of 174 and 2226504?
174
What is the highest common divisor of 17412 and 5184?
12
Calculate the highest common divisor of 230 and 167578.
46
Calculate the highest common divisor of 61350 and 82209.
1227
Calculate the greatest common divisor of 27976 and 1976.
104
What is the greatest common divisor of 12351 and 2553?
69
What is the greatest common factor of 1879 and 43?
1
What is the greatest common factor of 7 and 17421?
1
What is the greatest common factor of 2060509 and 121?
121
Calculate the greatest common divisor of 61542 and 2104.
526
Calculate the highest common factor of 90 and 8100045.
45
What is the highest common divisor of 6596 and 10379?
97
What is the highest common divisor of 6228 and 86673?
519
Calculate the greatest common divisor of 14909 and 2873.
17
Calculate the highest common factor of 6555 and 52095.
345
What is the highest common divisor of 1647 and 3085746?
183
Calculate the highest common factor of 68650 and 750.
50
What is the greatest common divisor of 107055 and 189?
27
What is the highest common divisor of 2008 and 184?
8
Calculate the highest common divisor of 16771 and 132004.
541
Calculate the greatest common factor of 14072 and 70.
2
What is the greatest common factor of 558 and 135?
9
What is the greatest common factor of 1700 and 821525?
425
Calculate the highest common factor of 53274 and 104.
26
What is the highest common divisor of 56 and 37016?
56
What is the greatest common divisor of 7243456 and 11?
11
Calculate the greatest common divisor of 21033 and 456.
57
What is the greatest common divisor of 43 and 75379?
43
What is the greatest common divisor of 54 and 226503?
27
What is the greatest common factor of 22400 and 980?
140
Calculate the highest common divisor of 8854914 and 222.
222
Calculate the highest common divisor of 4 and 13697.
1
What is the highest common divisor of 3702 and 216?
6
Calculate the highest common divisor of 81 and 26757.
27
Calculate the greatest common divisor of 175 and 2925.
25
What is the highest common factor of 23608 and 1118?
26
Calculate the highest common factor of 43916 and 88.
4
What is the greatest common factor of 1362 and 6102?
6
What is the highest common divisor of 895256 and 376?
376
Calculate the greatest common factor of 19089 and 136047.
303
Calculate the greatest common divisor of 81434 and 76.
38
Calculate the highest common divisor of 163200 and 1650.
150
What is the greatest common factor of 119356 and 1484?
212
Calculate the highest common factor of 7002 and 108.
18
What is the highest common divisor of 85 and 410635?
85
What is the greatest common divisor of 57690 and 60?
30
Calculate the highest common divisor of 134787 and 1074.
537
What is the highest common divisor of 1408 and 592?
16
Calculate the highest common factor of 2120 and 120.
40
Calculate the highest common factor of 1207836 and 56.
28
Calculate the highest common divisor of 13178 and 1198.
1198
Calculate the greatest common factor of 363000 and 132.
132
Calculate the greatest common factor of 3647 and 112.
7
What is the greatest common divisor of 1870477 and 1941?
647
Calculate the highest common factor of 2397 and 2907.
51
Calculate the greatest common factor of 717 and 72178.
239
What is the greatest common factor of 1197 and 5453?
133
What is the highest common factor of 167672 and 8?
8
What is the greatest common factor of 1600 and 360320?
320
Calculate the greatest common divisor of 102034 and 34.
34
What is the greatest common factor of 175088 and 992?
496
Calculate the greatest common factor of 304 and 31456.
16
What is the greatest common divisor of 32 and 5003?
1
What is the greatest common divisor of 693 and 17262?
63
What is the greatest common factor of 681 and 4013814?
681
What is the highest common factor of 4816 and 45451?
301
What is the greatest common factor of 384461 and 77?
77
What is the greatest common divisor of 2717 and 75829?
247
What is the greatest common divisor of 325 and 85722?
13
What is the highest common divisor of 757239 and 535?
107
What is the highest common divisor of 7316 and 103604?
236
What is the highest common factor of 3298455 and 212?
53
Calculate the greatest common divisor of 992 and 1568.
32
Calculate the highest common divisor of 832 and 3584.
64
Calculate the highest common divisor of 159 and 81196.
53
What is the highest common factor of 4386 and 153?
51
Calculate the greatest common factor of 94 and 24064.
94
Calculate the highest common factor of 36 and 14388480.
36
Calculate the greatest common divisor of 8 and 4521368.
8
What is the highest common factor of 459 and 31824?
153
Calculate the highest common divisor of 6 and 6558.
6
What is the greatest common factor of 110 and 156570?
10
What is the highest common divisor of 24356 and 4?
4
What is the greatest common divisor of 60 and 51820?
20
What is the highest common factor of 292 and 6774254?
146
Calculate the highest common divisor of 1810 and 55.
5
What is the highest common divisor of 19